when j is divided by v?
20
Let i = -1695 - -2057. Calculate the remainder when i is divided by 26.
24
Let n(j) = 26*j - 57. Calculate the remainder when n(6) is divided by 50.
49
Let g be (-5)/10 + (-26)/(-4). What is the remainder when 41 is divided by (g + 22)*1/2?
13
Suppose -87*i + 1872 = -51*i. What is the remainder when 167 is divided by i?
11
Let c(j) = j**2 + 11*j + 2. What is the remainder when c(3) is divided by 39?
5
Suppose -45*a = -40*a + 4*h - 692, 130 = a - 2*h. What is the remainder when a is divided by 23?
21
Let q(s) = 10*s - 24. Suppose -5*p = 4*u - 38, -15 = 5*p + 3*u - 56. Calculate the remainder when q(p) is divided by 26.
24
What is the remainder when ((-15)/(-3))/(120/1104) is divided by 24?
22
Suppose -20*t = -25*t + 10. Suppose t*n + 5*q = -n + 35, 5*n + 5*q = 45. Calculate the remainder when 24 is divided by n.
4
Suppose 0 = 2*l + 4. Let p(f) = -6*f**2 + 3*f - 9. Let j(d) = 7*d**2 - 4*d + 10. Let i(h) = -5*j(h) - 6*p(h). Calculate the remainder when 9 is divided by i(l).
1
Suppose 2*g = 4*k + 778, -11*g + 13*g - 772 = -2*k. Calculate the remainder when g is divided by 10.
7
Suppose -2*k + 15 - 1 = 0. Let f(v) = -85*v + 342. Calculate the remainder when k is divided by f(4).
1
Suppose 0 = -4*x - 4*x + 32. What is the remainder when 8 is divided by x?
0
Suppose -325*j = -326*j - 4*w + 41, 2*w = -2*j + 82. Suppose -2*x - 19 = -4*x + 3*d, -5*x + 58 = 3*d. What is the remainder when j is divided by x?
8
Let b = 30 - 30. Suppose 4*v = 5*s + 33, 0 = 4*v - b*v - 4*s - 32. Calculate the remainder when v is divided by 2.
1
Let t = 9 + -5. Suppose 2*r = t*r - 16. What is the remainder when 54 is divided by r?
6
What is the remainder when (-6 - 2)/((-12)/162) is divided by 5?
3
Let y = 1399 + -1380. Calculate the remainder when 299 is divided by y.
14
Let b = 1115 + -1086. Calculate the remainder when 211 is divided by b.
8
Suppose 102 = -5*w + o + 2*o, 0 = -w + 2*o - 26. What is the remainder when 142 is divided by (48/w)/((-4)/54)?
34
Suppose -l = -17*l + 1728. Calculate the remainder when l is divided by 23.
16
Suppose 6 - 18 = -4*y. Let c(d) = 3*d - 6. Let h be c(y). Suppose -2*u + 36 = 4*k - u, -h*k = -2*u - 27. What is the remainder when k is divided by 5?
4
Let r(g) = g**2 + 3*g + 5. What is the remainder when 66 is divided by r(5)?
21
Let a = -271 + 303. What is the remainder when a is divided by 32?
0
Let w = -962 + 1512. Calculate the remainder when w is divided by 29.
28
Let o be 4/(-8) - 45/(-2). Suppose o*g - 18*g - 116 = 0. Calculate the remainder when 143 is divided by g.
27
Suppose -7 = -2*y - 1, -s + y = 6. Suppose -4*c - 45 = -109. What is the remainder when c is divided by -3 + (0 + s - -12)?
4
Suppose -d - 22 = -5*m + 2*d, 5*m + 5*d = 30. Calculate the remainder when 22 is divided by m.
2
Let m = -15 - -17. Suppose m*a = 5*a - 9. What is the remainder when 9 is divided by a?
0
Let w(i) = i**3 + 7*i**2 + 6*i. Let g be w(-6). Suppose 2*k = -10, -5*h + 3*k + 2*k + 270 = g. What is the remainder when 242 is divided by h?
46
Suppose -5*u + 300 = -5*d, 23*d - 27*d = 0. Calculate the remainder when 117 is divided by u.
57
What is the remainder when 82 is divided by (3 + -55 + -2)*47/(-94)?
1
Suppose -5*d - 4*o - 26 = -139, 4*d - 74 = 5*o. Let q(a) = -2*a - 4. Let l be ((-44)/33)/((-1)/(-6)). What is the remainder when d is divided by q(l)?
9
Let k be (-1)/((-2)/(-8)) - -59. Let w = k + 15. Calculate the remainder when w is divided by 8.
6
Suppose j - 33 = 4. Calculate the remainder when j is divided by (18/(-15))/(12/(-200)).
17
Suppose 1326 = -61*d + 95*d. Calculate the remainder when d is divided by 15.
9
Let p(q) = q - 1. Let n be p(0). Calculate the remainder when 8*((-18)/(-63) - 444/(-112)) is divided by 7 - (n + 0 - 1).
7
Suppose -2*d - 4*v + 37 = -75, -2 = -2*v. What is the remainder when 107 is divided by d?
53
Suppose -2*k - 3*y - y = -60, k + 5*y - 42 = 0. What is the remainder when k is divided by 10?
2
Suppose 77 + 103 = -y. Let m = -44 - y. Calculate the remainder when m is divided by 35.
31
Let h(v) = 3*v - 9. Let i be h(7). What is the remainder when 28 is divided by (-4)/(-16) + 69/i?
4
Suppose a = -4*a - 10, 0 = 2*i + 2*a. Calculate the remainder when 50 is divided by (-2)/6 + ((-343)/(-21) - i).
8
Suppose i + 8 = 5*i. Suppose 0 = -6*m - i*m + 248. What is the remainder when 123 is divided by m?
30
Suppose a = -4*u + 300, 6*u - 4*u = -a + 150. What is the remainder when u is divided by 39?
36
Suppose 25 = -0*h - 2*h - 5*j, -10 = 2*h + 2*j. Let y be (1 - h)*(1 - 1). Suppose 5*o - 6*o + 13 = y. What is the remainder when o is divided by 4?
1
Calculate the remainder when 64 is divided by -3 - -2 - (20*-1 + 3).
0
Suppose 32*s - 38*s + 582 = 0. Calculate the remainder when s is divided by 35.
27
Let r(l) = l**3 + 7*l**2 - l - 3. Let s = -25 - -18. Calculate the remainder when 14 is divided by r(s).
2
Suppose -2*i + 4*i - 20 = 0. Let t = -1 + 11. Suppose b = i + t. Calculate the remainder when 38 is divided by b.
18
Let z be 2/(0 + 2)*(15 + -10). Suppose -4 - 11 = -5*i + z*j, -3*i + 2*j = -13. What is the remainder when 20 is divided by i?
6
Suppose -147 = -4*p - 67. Suppose d + 2*r = 5*d - 20, -d + 3*r = 0. Suppose 64 = m + d. What is the remainder when m is divided by p?
18
Let f = 52 - 31. Suppose 2*s + s = f. Suppose s*l = 4*l + 33. What is the remainder when 32 is divided by l?
10
Suppose -39*x + 9 = -38*x. What is the remainder when x is divided by 3?
0
Let u(r) = r**3 + 4*r**2 - 17*r - 26. What is the remainder when 131 is divided by u(-5)?
29
Let y = -42 - -75. Suppose 5*h = 52 + y. Calculate the remainder when h is divided by 9.
8
Let g(a) = 62*a - 20. What is the remainder when g(4) is divided by 21?
18
Suppose 676 = 10*f - 334. Calculate the remainder when f is divided by 23.
9
Let m(i) = -i**2 + 11*i + 11. Let j be m(10). Suppose -2*y + j - 5 = 0. What is the remainder when 27 is divided by y?
3
Let a = 9 + -6. Suppose a*y + 2*y = 295. What is the remainder when y is divided by (2/(-5))/((-10)/300)?
11
Let c(b) = -7 - 6*b - 6*b - b**2 + 2*b + b. Suppose 4*t = -2*u + 48, -t + 19 = 3*u - 53. Calculate the remainder when u is divided by c(-5).
11
Let y = -771 + 1313. Calculate the remainder when y is divided by 39.
35
Let g(w) = -w**3 + w**2 + 6*w - 1. Suppose -9*l = -l - 656. What is the remainder when l is divided by g(-3)?
14
Suppose -2*j + 5*j - 41 = 5*r, -62 = -5*j + 2*r. What is the remainder when 104 is divided by j?
8
Let k = 10 - 3. Suppose -2*x - 4*n = -174, x + k*n - 2*n - 93 = 0. Let g = x + -30. Calculate the remainder when g is divided by 27.
26
Suppose 2*c - 6*c = -64. Let s(f) = -f**3 - f**2 + 5*f + 1. Calculate the remainder when s(-4) is divided by c.
13
Calculate the remainder when 4/((-4)/1) + 109 is divided by 12 - (-1 + 5 + (-11 - -5)).
10
Let z = 577 - 543. Calculate the remainder when z is divided by 18/(-5)*(-60)/18.
10
Suppose 0 = 3*i - w - 43, 3*i = -3*w + 10 + 53. Calculate the remainder when 81 is divided by i.
1
Let z(r) = 5*r - 7. Suppose 0 = -5*o + 10 - 95. Let y = -8 - o. What is the remainder when z(y) is divided by 8?
6
Let w = -148 - -158. Calculate the remainder when 126 is divided by w.
6
Suppose -390 = 83*f - 122*f. What is the remainder when 548 is divided by f?
8
Let i = 26 - 22. Suppose 3*h - r - 90 = 28, r = -i*h + 155. Calculate the remainder when h is divided by 10.
9
Let s(b) = -b**3 + 7*b**2 - 5*b - 6. Suppose 143 + 73 = 6*p. Calculate the remainder when p is divided by s(5).
17
Let u = -10 + 14. Suppose 79 + 33 = u*x. Suppose -l = -x - 7. What is the remainder when 104 is divided by l?
34
Suppose 2*g = 3*h - 13, g - 4*g + 3 = 0. Suppose 0 = 5*c + 25, 0*v - 5*c = 4*v - 75. What is the remainder when 1 - 0 - ((-78 - -2) + h) is divided by v?
22
Suppose -2*d - 4*b = -14, -6*d + 2*d + 3*b - 16 = 0. Suppose 0 = 2*v + 4*a - 32, 3*a = 6*a + 12. What is the remainder when d*3 - -2 - -71 is divided by v?
22
Let q(f) be the third derivative of f**5/3 + f**4/12 - f**3/6 + f**2. Calculate the remainder when q(1) is divided by (-224)/(-36) + (-48)/216.
3
Let x(h) = 3*h**3 - 4*h**2 + 2*h + 1. Let f be x(2). Let i(u) = -f*u - 13*u + 25*u - 5 + 0. What is the remainder when i(-9) is divided by 3?
1
Calculate the remainder when (-348)/((-20)/5) + (-1 - -3) is 